{"id":1171,"date":"2023-03-09T15:01:06","date_gmt":"2023-03-09T14:01:06","guid":{"rendered":"http:\/\/mspu66-avicenne.fr\/?page_id=1171"},"modified":"2025-05-31T17:47:10","modified_gmt":"2025-05-31T15:47:10","slug":"coordination","status":"publish","type":"page","link":"https:\/\/mspu66-avicenne.fr\/?page_id=1171","title":{"rendered":"Coordination"},"content":{"rendered":"\n<h2>Qu\u2019est-ce qu\u2019un coordonnateur en MSP Universitaire ?<\/h2>\n\n\n\n<div class=\"wp-block-image is-style-rounded\"><figure class=\"alignright size-thumbnail is-resized\"><img loading=\"lazy\" src=\"http:\/\/mspu66-avicenne.fr\/wp-content\/uploads\/2023\/03\/IMG_8506260788-150x150.jpg\" alt=\"\" class=\"wp-image-1186\" width=\"150\" height=\"150\"\/><figcaption>M. Mark OUDE ENGBERINK  <br>G\u00e9rant-coordonnateur<br> MSP Universitaire Avicenne<\/figcaption><\/figure><\/div>\n\n\n\n<p>Le coordonnateur d\u2019une Maison de Sant\u00e9 Pluriprofessionnelle Universitaire (MSPU) est un professionnel pivot qui accompagne l\u2019\u00e9quipe dans la mise en \u0153uvre de son <strong>projet de sant\u00e9<\/strong>, v\u00e9ritable feuille de route collective au service des besoins du territoire.<\/p>\n\n\n\n<p>\u00c0 la fois <strong>organisateur<\/strong>, <strong>animateur<\/strong>, <strong>gestionnaire<\/strong>, et <strong>facilitateur<\/strong>, le coordinateur occupe une fonction f\u00e9d\u00e9ratrice essentielle. Il veille \u00e0 la coh\u00e9rence des actions interprofessionnelles, \u00e0 la bonne circulation de l\u2019information, et au respect des engagements contractuels d\u00e9finis notamment dans le cadre de l\u2019<strong>Accord Conventionnel Interprofessionnel (ACI)<\/strong>.<\/p>\n\n\n\n<p>Depuis le d\u00e9cret du 24 juillet 2017, la fonction de coordination b\u00e9n\u00e9ficie d\u2019un cadre r\u00e9glementaire clair qui renforce sa l\u00e9gitimit\u00e9 aupr\u00e8s des professionnels et des partenaires. Concr\u00e8tement, la coordination couvre un spectre d\u2019activit\u00e9s large :<\/p>\n\n\n\n<ul><li>logistique (r\u00e9unions, agendas, outils partag\u00e9s, protocoles),<\/li><li>administratif (gestion documentaire, RH, tableaux de bord),<\/li><li>strat\u00e9gique (lien avec l\u2019ARS, la CPAM, les collectivit\u00e9s, repr\u00e9sentation dans les f\u00e9d\u00e9rations et groupes de travail),<\/li><li>mais aussi <strong>p\u00e9dagogique<\/strong> et <strong>scientifique<\/strong> dans le cadre universitaire.<\/li><\/ul>\n\n\n\n<p>\u00c0 la <strong>MSPU Avicenne<\/strong>, le coordinateur joue \u00e9galement un r\u00f4le moteur dans :<\/p>\n\n\n\n<ul><li>le <strong>d\u00e9veloppemet de la structure et son organisation<\/strong>,<\/li><li>la <strong>mise en place de formations interprofessionnelles<\/strong>,<\/li><li>le <strong>soutien aux projets de recherche en soins primaires<\/strong>, en lien avec le D\u00e9partement Universitaire de M\u00e9decine G\u00e9n\u00e9rale de Montpellier-N\u00eemes (DUMG).<\/li><\/ul>\n\n\n\n<p>Ce positionnement particulier permet de faire vivre une dynamique d\u2019innovation, de qualit\u00e9 et de collaboration renforc\u00e9e au c\u0153ur de notre territoire.<\/p>\n\n\n\n<p><\/p>\n\n\n\n<figure class=\"wp-block-image size-large is-resized\"><img loading=\"lazy\" src=\"https:\/\/mspu66-avicenne.fr\/wp-content\/uploads\/2025\/05\/image-3-1024x865.png\" alt=\"\" class=\"wp-image-1624\" width=\"840\" height=\"709\" srcset=\"https:\/\/mspu66-avicenne.fr\/wp-content\/uploads\/2025\/05\/image-3-1024x865.png 1024w, https:\/\/mspu66-avicenne.fr\/wp-content\/uploads\/2025\/05\/image-3-300x253.png 300w, https:\/\/mspu66-avicenne.fr\/wp-content\/uploads\/2025\/05\/image-3-768x649.png 768w, https:\/\/mspu66-avicenne.fr\/wp-content\/uploads\/2025\/05\/image-3.png 1264w\" sizes=\"(max-width: 840px) 100vw, 840px\" \/><\/figure>\n","protected":false},"excerpt":{"rendered":"<p>Qu\u2019est-ce qu\u2019un coordonnateur en MSP Universitaire ? Le coordonnateur d\u2019une Maison de Sant\u00e9 Pluriprofessionnelle Universitaire (MSPU) est un professionnel pivot qui accompagne l\u2019\u00e9quipe dans la&hellip;<\/p>\n","protected":false},"author":1,"featured_media":0,"parent":0,"menu_order":0,"comment_status":"closed","ping_status":"closed","template":"","meta":[],"_links":{"self":[{"href":"https:\/\/mspu66-avicenne.fr\/index.php?rest_route=\/wp\/v2\/pages\/1171"}],"collection":[{"href":"https:\/\/mspu66-avicenne.fr\/index.php?rest_route=\/wp\/v2\/pages"}],"about":[{"href":"https:\/\/mspu66-avicenne.fr\/index.php?rest_route=\/wp\/v2\/types\/page"}],"author":[{"embeddable":true,"href":"https:\/\/mspu66-avicenne.fr\/index.php?rest_route=\/wp\/v2\/users\/1"}],"replies":[{"embeddable":true,"href":"https:\/\/mspu66-avicenne.fr\/index.php?rest_route=%2Fwp%2Fv2%2Fcomments&post=1171"}],"version-history":[{"count":8,"href":"https:\/\/mspu66-avicenne.fr\/index.php?rest_route=\/wp\/v2\/pages\/1171\/revisions"}],"predecessor-version":[{"id":1627,"href":"https:\/\/mspu66-avicenne.fr\/index.php?rest_route=\/wp\/v2\/pages\/1171\/revisions\/1627"}],"wp:attachment":[{"href":"https:\/\/mspu66-avicenne.fr\/index.php?rest_route=%2Fwp%2Fv2%2Fmedia&parent=1171"}],"curies":[{"name":"wp","href":"https:\/\/api.w.org\/{rel}","templated":true}]}}

<h2>Qu’est-ce qu’un coordonnateur en MSP Universitaire ?</h2>



<div class="wp-block-image is-style-rounded"><figure class="alignright size-thumbnail is-resized"><img loading="lazy" src="http://mspu66-avicenne.fr/wp-content/uploads/2023/03/IMG_8506260788-150x150.jpg" alt="" class="wp-image-1186" width="150" height="150"/><figcaption>M. Mark OUDE ENGBERINK  <br>Gérant-coordonnateur<br> MSP Universitaire Avicenne</figcaption></figure></div>



<p>Le coordonnateur d’une Maison de Santé Pluriprofessionnelle Universitaire (MSPU) est un professionnel pivot qui accompagne l’équipe dans la mise en œuvre de son <strong>projet de santé</strong>, véritable feuille de route collective au service des besoins du territoire.</p>



<p>À la fois <strong>organisateur</strong>, <strong>animateur</strong>, <strong>gestionnaire</strong>, et <strong>facilitateur</strong>, le coordinateur occupe une fonction fédératrice essentielle. Il veille à la cohérence des actions interprofessionnelles, à la bonne circulation de l’information, et au respect des engagements contractuels définis notamment dans le cadre de l’<strong>Accord Conventionnel Interprofessionnel (ACI)</strong>.</p>



<p>Depuis le décret du 24 juillet 2017, la fonction de coordination bénéficie d’un cadre réglementaire clair qui renforce sa légitimité auprès des professionnels et des partenaires. Concrètement, la coordination couvre un spectre d’activités large :</p>



<ul><li>logistique (réunions, agendas, outils partagés, protocoles),</li><li>administratif (gestion documentaire, RH, tableaux de bord),</li><li>stratégique (lien avec l’ARS, la CPAM, les collectivités, représentation dans les fédérations et groupes de travail),</li><li>mais aussi <strong>pédagogique</strong> et <strong>scientifique</strong> dans le cadre universitaire.</li></ul>



<p>À la <strong>MSPU Avicenne</strong>, le coordinateur joue également un rôle moteur dans :</p>



<ul><li>le <strong>développemet de la structure et son organisation</strong>,</li><li>la <strong>mise en place de formations interprofessionnelles</strong>,</li><li>le <strong>soutien aux projets de recherche en soins primaires</strong>, en lien avec le Département Universitaire de Médecine Générale de Montpellier-Nîmes (DUMG).</li></ul>



<p>Ce positionnement particulier permet de faire vivre une dynamique d’innovation, de qualité et de collaboration renforcée au cœur de notre territoire.</p>



<p></p>



<figure class="wp-block-image size-large is-resized"><img loading="lazy" src="https://mspu66-avicenne.fr/wp-content/uploads/2025/05/image-3-1024x865.png" alt="" class="wp-image-1624" width="840" height="709" srcset="https://mspu66-avicenne.fr/wp-content/uploads/2025/05/image-3-1024x865.png 1024w, https://mspu66-avicenne.fr/wp-content/uploads/2025/05/image-3-300x253.png 300w, https://mspu66-avicenne.fr/wp-content/uploads/2025/05/image-3-768x649.png 768w, https://mspu66-avicenne.fr/wp-content/uploads/2025/05/image-3.png 1264w" sizes="(max-width: 840px) 100vw, 840px" /></figure>

<p>Qu’est-ce qu’un coordonnateur en MSP Universitaire ? Le coordonnateur d’une Maison de Santé Pluriprofessionnelle Universitaire (MSPU) est un professionnel pivot qui accompagne l’équipe dans la&hellip;</p>
